Suppose 0 = -11*q - 52 + 8. Determine m(q).
-4
Let a = -102 + 106. Let t(z) = 50*z - 47*z - 5 - 1. Calculate t(a).
6
Let s(r) = -6*r + 3 + 7*r**2 - 2*r**2 - 4*r**2. Let z be s(3). Let y(b) be the second derivative of -b**3/2 - 4*b**2 + b. What is y(z)?
10
Let n(b) = -2*b**2 + 3*b - 2. Let u be n(3). Let h = -17 - u. Let p(w) = w. What is p(h)?
-6
Let z be (-3)/((-5)/30*-2). Let c = z + 7. Let d(g) = -2*g - 1. Determine d(c).
3
Let z(h) = h**3 + 6*h**2 - h + 5. Suppose 13*f - 42 = 20*f. Calculate z(f).
11
Let y(n) = n - 9. Let w be y(6). Let f(q) be the first derivative of 11 + 1/3*q**3 - 4*q + 3/2*q**2. Calculate f(w).
-4
Let c(x) = 3*x + 2 - x - 11*x - 8 + 6*x. What is c(-6)?
12
Let a be 6/(-5) + 14*(-143)/(-110). Let t(h) = 3*h - 37. Calculate t(a).
14
Let w(g) = 8*g + 70. Let h(d) = 9*d + 82. Let o(y) = -5*h(y) + 6*w(y). Calculate o(-2).
4
Let y(l) = -l - 4. Let t = 914 + -921. What is y(t)?
3
Let w(a) be the third derivative of a**5/60 - 5*a**4/8 - 23*a**3/6 - 293*a**2. Give w(16).
-7
Let j(z) = -40*z + 25. Let u(s) = 9*s - 6. Let m(o) = -2*j(o) - 9*u(o). Calculate m(-9).
13
Let r(v) be the third derivative of -1/12*v**4 + 1/6*v**3 + 0 + 0*v + 1/10*v**5 - v**2. Let m(c) = -2*c - 1. Let u be m(-1). What is r(u)?
5
Let h(u) be the second derivative of -u**3/6 + u**2/2 - 7*u. Let o be h(-1). Suppose -o*b = 3*b - 20. Let x(p) = p**3 - 3*p**2 - 6*p + 4. Determine x(b).
-4
Let n(k) = -k + 9. Let x be n(8). Suppose -p + x = -2*p, -h + 17 = -p. Let y = -12 + h. Let w(q) = -2*q - 4. Determine w(y).
-12
Suppose 0*h - 435 = -5*h. Let d(m) = -82*m**2 - h*m**2 - 9 + 168*m**2 - 10*m. Let t be 4/14 + (-264)/42. What is d(t)?
15
Suppose 32 + 13 = 3*x. Let g be (-40)/12*(-18)/x. Let s(m) = 3*m**2 - 8*m - 1. Let v(j) = j**2 - j + 1. Let y(l) = s(l) - 2*v(l). Calculate y(g).
-11
Let l(f) = f**3 + 5*f**2 - 7*f - 9. Let m be l(-6). Let j(p) be the first derivative of -p**4/4 - p**3 - p**2 + 2*p - 99. Determine j(m).
8
Suppose -y + 3*y - 10 = 0. Let u(a) be the second derivative of a**3/6 - 3*a**2 + 12*a + 3. Let r be u(y). Let f(g) = 7*g**3 + g**2 - 1. Give f(r).
-7
Let s(y) = -2*y**2 - 2*y + 3. Let w(p) = -3*p**2 - 2*p + 4. Let h(o) = -4*s(o) + 3*w(o). Let x be (-6 - 150/(-24))*-4 - 2. Calculate h(x).
-15
Let t(n) be the first derivative of 2/3*n**3 - 3/2*n**2 + 0*n + 1/24*n**4 + 1. Let p(y) be the second derivative of t(y). What is p(0)?
4
Let z = 9 - 4. Let o(h) = 3*h**3 - 3*h + 2*h + h**3 - 3*h**3 - z*h**2 + 1. Determine o(5).
-4
Let s = -11 - -17. Suppose 2*b = 2 + s. Let g(n) = -7*n**3 - 4*n**2 - 21*n - 1. Let v(j) = -3*j**3 - 2*j**2 - 10*j. Let w(m) = 4*g(m) - 9*v(m). Give w(b).
-12
Let d = 1193 + -1183. Let t(u) = u**2 - 7*u + 8. Determine t(d).
38
Suppose -14*l + 15*l - 11 = 3*a, -4*l + 2 = 2*a. Let x(q) = -q**3 + 3*q**2 + q - 2. Give x(l).
4
Suppose 3*d + 7*c + 41 = 0, -4*d + 5*c + 2 = 3*c. Let g(s) = s**3 + s**2 + 3*s + 8. Give g(d).
-2
Suppose 12 = y - 2*i, 24 = 5*y + i - 2*i. Let c(o) = -y - 2*o + 4*o - 3*o. Let u be (-4)/(-6) + 4/(-6). Give c(u).
-4
Suppose 17 = 4*k + 5. Let x(r) = -2*r**3 - 5*r - k*r**2 + r**3 + 0*r**2 - r**2. Determine x(-4).
20
Suppose -6*b = -4*b + 8. Suppose -c = -3*l + 251, 3*c = -5*l + c + 400. Let s(q) = -34 + 5*q - 42 + q**2 + l. Calculate s(b).
2
Let q(k) = 2*k**2 - 6*k + 1. Let w be 3/((-9)/(-28) - 6/(-14)). Determine q(w).
9
Let s(y) = 3*y**2 - 3*y + 3. Let k(p) = -p**2 + 7*p - 5. Let v be k(6). Suppose -v - 1 = -o. Suppose 1 = -o*c + 5. Calculate s(c).
9
Suppose -4*s + 0*l - 23 = -3*l, -s = 4*l + 1. Let g(j) = -5*j. Suppose 5*x + 24 = -31. Let u(y) = -y**2 + 24*y + 1. Let h(v) = x*g(v) - 2*u(v). Calculate h(s).
13
Let s(h) = -h + 32 - 51 + 21. Let t = 11 - 7. Determine s(t).
-2
Let g(x) be the third derivative of -x**5/60 - x**4/24 - x**3/6 - 2*x**2. Suppose -4 = -5*b + 1. Let v be b + 2 + -10 + 3. Determine g(v).
-13
Let c(r) = 5*r**2 + 6*r. Let a(f) = f**2 + 2*f. Let o(g) = -6*a(g) + c(g). What is o(-5)?
5
Let z(b) = 9 - 2*b**2 - 17 - b**2 + 7. Give z(-1).
-4
Let h(k) be the first derivative of k**3/3 - 5*k**2/2 + 4*k - 105. Calculate h(3).
-2
Let k(r) = r**2 + 8*r + 7. Let x be k(-6). Let y be -6*x/((-30)/(-4)). Let i(n) = n. Let q(a) = -2*a + 7. Let g(l) = y*i(l) + q(l). What is g(-5)?
-3
Let v(q) = q + 6. Let i be v(-5). Let p(g) = 29*g**2 - 2 - 30*g**2 + i - 7*g. Determine p(-6).
5
Let f(t) be the first derivative of 20 + 1/2*t**2 - 4*t + 1/3*t**3. Determine f(3).
8
Let s(v) = -v**3 + 5*v**2 - 2*v + 5. Suppose 0*w - 32 = -4*o - 4*w, w = 4*o - 17. Give s(o).
-5
Let t(m) = 3 + 2852*m + m**2 - 6 - 2842*m. Give t(-8).
-19
Let u(j) be the first derivative of -j**2 + 10*j + 0*j**2 - 9*j - 13 + 29. Calculate u(2).
-3
Let g(o) = 3*o + 14. Let l be 36/(-2)*((-136)/51 + 3). Calculate g(l).
-4
Let s(k) = 4*k**3 + 2*k**2 - 1. Let r be (0 + -1)/(16/(-144)). Let j = r - 8. What is s(j)?
5
Let a(n) = n**2 - 7*n - 4. Suppose -2*g - 6 - 29 = -5*q, 3*q = -2*g + 5. Suppose 0*s = -5*s - c + 29, s - 1 = -q*c. What is a(s)?
-10
Let b = 11854 + -11851. Let h(s) = -s + 2 + 2 - s**3 - s + s**2. Determine h(b).
-20
Let p(v) be the first derivative of -v**2 + 6*v + 75. Give p(9).
-12
Let m(w) = -2*w**2 + 7*w + 6. Let n(u) = -u**3 + 8*u**2 - 8*u. Let d be n(7). Let q = 13 + d. Calculate m(q).
-24
Let c(l) = -l - 2. Let i be c(-2). Let r(f) = 1 - 6*f + i*f + f. Let z(g) = g**3 + 4*g**2 - 7*g + 31. Let n be z(-6). What is r(n)?
-4
Let b(u) = 3*u - 1. Let j(v) = 2*v**2 + 2*v + 2. Let y(c) = -c**2. Suppose -2*l + 2 + 0 = 0. Let n(k) = l*j(k) + 3*y(k). Let s be n(3). What is b(s)?
-4
Let m be (-106)/((-1)/((-2)/4)). Let u = m - -52. Let d(h) = 4*h**3 - 2*h - 1. Give d(u).
-3
Let u(b) = -26*b**3 + 2*b**2 + b. Let f = -1025 - -1024. What is u(f)?
27
Let g = -6 - -3. Let n(t) be the third derivative of -1/8*t**4 + 0*t + 2/3*t**3 + 0 - 1/60*t**5 + 9*t**2. Determine n(g).
4
Let b(v) = 2*v**2 - 97*v + 104*v - 3*v**2 + 8 + 2. What is b(8)?
2
Let x(d) be the first derivative of -1 - d**2 + 0 + 12. Let k(p) = p. Let l be k(1). Calculate x(l).
-2
Let s(g) be the second derivative of -g**3/6 + g**2/2 + 12*g + 56. Let t be 0/((1 - 0)*-2). Give s(t).
1
Let l(y) = -24*y - 5. Let a(q) = -1. Let s(r) = 4*a(r) - l(r). Give s(-1).
-23
Let s(x) = -x**3 - 17*x**2 + 18*x - 6. Let y(m) = m**3 - 9*m**2 + 11*m + 3. Let b be y(7). Calculate s(b).
-6
Let h(z) = 0 + 2*z - 3 + 3*z**2 - 2*z**2. Let d be (-2)/(-2) - (-8)/(-2). Calculate h(d).
0
Let s(q) = -q**2 - 45*q - 133. Let z be s(-42). Let m(n) = -n**2 - 11*n - 21. What is m(z)?
7
Suppose 7*o = 3*c + 3*o - 3, -3*o = -3*c + 6. Let q be (-4)/(-8) - (2 + 313/(-2)). Let n(h) = -161*h - 3 + 6 + h**2 + q*h. What is n(c)?
-2
Let p = 44 + -42. Suppose p*t - 8 = -2*t. Let v(d) = -d - 1 + 0 + d**3 + 0*d. Determine v(t).
5
Suppose 0 = 4*x - 2*l - 26, 9 = -5*x + 3*l + 43. Let c(w) = 4*w - 6*w**2 + 2 + 0*w**2 - 2*w + w**3. What is c(x)?
-13
Let y(g) = -5*g - 1. Let b = 90 + -93. Calculate y(b).
14
Let l(w) be the third derivative of w**8/1680 - w**7/5040 + w**6/720 + 4*w**5/15 + 25*w**2. Let d(i) be the third derivative of l(i). Determine d(1).
12
Let l = 39 - 41. Let u(z) = z**2 - 13*z + 1. Let f(a) = 3*a**2 - 28*a + 3. Let s(q) = l*f(q) + 5*u(q). Calculate s(-8).
7
Let j(c) = -2*c**2 - 6*c - 2. Suppose 0 = -15*f - 105 + 45. Give j(f).
-10
Let t(u) be the first derivative of 1/4*u**4 + 1/2*u**2 + u + 21 - 5/3*u**3. Give t(4).
-11
Suppose -m - 2*b - 2 = 0, 0 = 4*m + 2*b - 10. Suppose 0 = -v + m. Let u(t) be the first derivative of -3*t**2/2 + 4*t + 183. Determine u(v).
-8
Suppose -4*f + 7 = -3*p, 5*f + 0*f = 5*p + 5. Let a be f + (-2 - -1)*1. Let z be 10*1/(a + -1). Let s(j) = -2*j + 3. Calculate s(z).
-7
Suppose 2*q - 32*q = 0. Let n(a) = a**2 - a + 10. Give n(q).
10
Let s be (8/3 + -3)/((-2)/18). Let t(h) = 2*h - s + 6 - h. Suppose 0 = -6*b + 5*b. Calculate t(b).
3
Let d(c) = 3*c**2 - c - 1. Suppose -5*m = 16 - 71. Suppose -2*y + 3*y = 2*v - 22, 0 = -y + 5*v - 37. Let j = m + y. Calculate d(j).
3
Suppose 10*h = 9*h + 7. Let m be 10 - h - (-1 - -1). Let l(o) = o**3 - 2*o**2 + 2*o + 2. Give l(m).
17
Let i(d) be the third derivative of d**8/6720 - d**7/360 + 7*d**5/120 + 7*d**4/24 + 3*d**2. Let p(q) be the second derivative of i(q). Give p(7).
7
Suppose -2*a + 0*a - h - 3 = 0, 5*h = -15. Suppose -5*f = -3*i - 13, a = -5*i - 4